at is the units digit of 2438?
8
What is the hundreds digit of 629?
6
What is the ten thousands digit of 43321?
4
What is the tens digit of 279?
7
What is the thousands digit of 7330?
7
What is the ten thousands digit of 121383?
2
What is the hundreds digit of 582?
5
What is the ten thousands digit of 19199?
1
What is the thousands digit of 99446?
9
What is the hundreds digit of 188?
1
What is the units digit of 1995?
5
What is the hundreds digit of 2196?
1
What is the units digit of 6130?
0
What is the units digit of 14611?
1
What is the tens digit of 86757?
5
What is the ten thousands digit of 47979?
4
What is the hundreds digit of 4133?
1
What is the hundreds digit of 5858?
8
What is the tens digit of 890?
9
What is the ten thousands digit of 79945?
7
What is the tens digit of 492?
9
What is the thousands digit of 12550?
2
What is the hundreds digit of 366?
3
What is the units digit of 1634?
4
What is the units digit of 37271?
1
What is the tens digit of 4305?
0
What is the tens digit of 105?
0
What is the hundreds digit of 4278?
2
What is the tens digit of 106825?
2
What is the units digit of 3082?
2
What is the thousands digit of 1356?
1
What is the tens digit of 60469?
6
What is the tens digit of 1577?
7
What is the tens digit of 905?
0
What is the ten thousands digit of 12724?
1
What is the units digit of 73076?
6
What is the tens digit of 19190?
9
What is the hundreds digit of 33931?
9
What is the units digit of 918?
8
What is the hundred thousands digit of 118272?
1
What is the hundreds digit of 13803?
8
What is the tens digit of 47921?
2
What is the hundreds digit of 4129?
1
What is the hundreds digit of 4055?
0
What is the hundreds digit of 14459?
4
What is the units digit of 1654?
4
What is the hundreds digit of 6349?
3
What is the thousands digit of 1383?
1
What is the thousands digit of 9040?
9
What is the units digit of 1168?
8
What is the ten thousands digit of 14395?
1
What is the tens digit of 123763?
6
What is the hundreds digit of 965?
9
What is the ten thousands digit of 22101?
2
What is the hundreds digit of 1476?
4
What is the hundreds digit of 137?
1
What is the tens digit of 451?
5
What is the tens digit of 98845?
4
What is the hundreds digit of 47504?
5
What is the hundreds digit of 752?
7
What is the thousands digit of 14774?
4
What is the thousands digit of 85064?
5
What is the ten thousands digit of 69851?
6
What is the units digit of 22511?
1
What is the thousands digit of 11850?
1
What is the tens digit of 9193?
9
What is the thousands digit of 3012?
3
What is the thousands digit of 1080?
1
What is the tens digit of 40120?
2
What is the units digit of 1159?
9
What is the hundreds digit of 8574?
5
What is the hundreds digit of 2659?
6
What is the thousands digit of 61641?
1
What is the units digit of 14448?
8
What is the tens digit of 150776?
7
What is the ten thousands digit of 12435?
1
What is the hundreds digit of 968?
9
What is the hundreds digit of 78536?
5
What is the tens digit of 4150?
5
What is the thousands digit of 2525?
2
What is the tens digit of 29332?
3
What is the units digit of 1409?
9
What is the hundreds digit of 783?
7
What is the thousands digit of 49469?
9
What is the units digit of 1928?
8
What is the ten thousands digit of 67716?
6
What is the tens digit of 1930?
3
What is the units digit of 1140?
0
What is the hundreds digit of 1217?
2
What is the units digit of 1149?
9
What is the ten thousands digit of 11906?
1
What is the thousands digit of 1577?
1
What is the hundreds digit of 423?
4
What is the units digit of 423?
3
What is the tens digit of 10329?
2
What is the hundreds digit of 2921?
9
What is the hundred thousands digit of 147200?
1
What is the ten thousands digit of 19508?
1
What is the thousands digit of 2351?
2
What is the units digit of 307?
7
What is the tens digit of 5502?
0
What is the units digit of 42057?
7
What is the thousands digit of 15520?
5
What is the tens digit of 20167?
6
What is the thousands digit of 1245?
1
What is the thousands digit of 12191?
2
What is the units digit of 1397?
7
What is the hundreds digit of 100586?
5
What is the hundreds digit of 621?
6
What is the units digit of 594?
4
What is the thousands digit of 1567?
1
What is the ten thousands digit of 10509?
1
What is the hundreds digit of 489?
4
What is the thousands digit of 97597?
7
What is the tens digit of 1016?
1
What is the thousands digit of 1740?
1
What is the hundreds digit of 4140?
1
What is the units digit of 979?
9
What is the tens digit of 1426?
2
What is the thousands digit of 2906?
2
What is the units digit of 95078?
8
What is the hundreds digit of 1465?
4
What is the hundreds digit of 4285?
2
What is the thousands digit of 2288?
2
What is the tens digit of 3067?
6
What is the tens digit of 7028?
2
What is the hundreds digit of 4992?
9
What is the hundreds digit of 23311?
3
What is the thousands digit of 13519?
3
What is the ten thousands digit of 25358?
2
What is the ten thousands digit of 140412?
4
What is the thousands digit of 29011?
9
What is the tens digit of 4737?
3
What is the thousands digit of 3412?
3
What is the tens digit of 4156?
5
What is the tens digit of 74475?
7
What is the tens digit of 132?
3
What is the units digit of 16084?
4
What is the hundreds digit of 46992?
9
What is the thousands digit of 8948?
8
What is the thousands digit of 2085?
2
What is the hundreds digit of 83381?
3
What is the tens digit of 2130?
3
What is the units digit of 2478?
8
What is the hundreds digit of 541?
5
What is the tens digit of 3533?
3
What is the ten thousands digit of 22670?
2
What is the tens digit of 14606?
0
What is the hundreds digit of 5676?
6
What is the units digit of 1426?
6
What is the thousands digit of 6055?
6
What is the hundreds digit of 775?
7
What is the hundreds digit of 621?
6
What is the units digit of 243?
3
What is the ten thousands digit of 15283?
1
What is the tens digit of 369?
6
What is the units digit of 1509?
9
What is the hundreds digit of 12094?
0
What is the thousands digit of 7971?
7
What is the thousands digit of 39907?
9
What is the thousands digit of 1290?
1
What is the thousands digit of 1226?
1
What is the units digit of 402?
2
What is the units digit of 1960?
0
What is the units digit of 58?
8
What is the tens digit of 2925?
2
What is the ten thousands digit of 33007?
3
What is the units digit of 2373?
3
What is the units digit of 309?
9
What is the tens digit of 122789?
8
What is the hundreds digit of 2446?
4
What is the thousands digit of 26364?
6
What is the thousands digit of 11666?
1
What is the tens digit of 3188?
8
What is the units digit of 218?
8
What is the hundreds digit of 91726?
7
What is the thousands digit of 3129?
3
What is the tens digit of 7078?
7
What is the tens digit of 17640?
4
What is the hundreds digit of 17108?
1
What is the thousands digit of 4589?
4
What is the units digit of 6695?
5
What is the thousands digit of 5457?
5
What is the hundreds digit of 165863?
8
What is the thousands digit of 60943?
0
What is the hundreds digit of 2309?
3
What is the tens digit of 430?
3
What is the hundreds digit of 276?
2
What is the thousands digit of 2730?
2
What is the units digit of 47749?
9
What is the thousands digit of 5888?
5
What is the hundreds digit of 10826?
8
What is the tens digit of 61652?
5
What is the hundreds digit of 1336?
3
What is the units digit of 4418?
8
What is the thousands digit of 1732?
1
What is the thousands digit of 3414?
3
What is the ten thousands digit of 16257?
1
What is the tens digit of 560?
6
What is the hundreds digit of 2644?
6
What is the hundreds digit of 1221?
2
What is the hundreds digit of 1657?
6
What is the thousands digit of 98295?
8
What is the tens digit of 604?
0
What is the hundreds digit of 28857?
8
What is the hundreds digit of 2736?
7
What is the hundreds digit of 8727?
7
What is the hundreds digit of 16235?
2
What is the tens digit of 575?
7
What is the units digit of 1444?
4
What is the tens digit of 123?
2
What is the hundreds digit of 177?
1
What is the tens digit of 967?
6
What is the thousands digit of 7422?
7
What is the tens digit of 748?
4
What is the thousands digit of 9661?
9
What is the thousands digit of 5655?
5
What is the thousands digit of 2307?
2
What is the t